{"id":1088,"date":"2020-06-11T11:41:58","date_gmt":"2020-06-11T14:41:58","guid":{"rendered":"https:\/\/esbavillafane-cba.infd.edu.ar\/sitio\/?page_id=1088"},"modified":"2020-12-11T18:01:55","modified_gmt":"2020-12-11T21:01:55","slug":"inscripciones-2021","status":"publish","type":"page","link":"https:\/\/esbavillafane-cba.infd.edu.ar\/sitio\/inscripciones-2021\/","title":{"rendered":"INSCRIPCIONES 2021"},"content":{"rendered":"<p>\u00a1PRE -INSCRIBITE!<\/p>\n<p>Actualmente se encuentra abierta la posibilidad de pre-inscribirse, de manera virtual,\u00a0 \u00a0para el per\u00edodo 2021 a:<\/p>\n<p>&#8211;<span style=\"color: #3366ff;\"> <strong>Nivel Superior: <\/strong><strong>Profesorado de Artes Visuales <\/strong><\/span><\/p>\n<p><span style=\"color: #3366ff;\">&#8211; <strong>Nivel Superior: <\/strong><strong>Tecnicatura Superior en Dise\u00f1o de Espacios<\/strong><\/span><\/p>\n<p><strong>Primero:<\/strong>\u00a0D\u00e1 de alta un Usuario y Clave en\u00a0<span style=\"color: #0000ff;\"><strong><span style=\"color: #3366ff;\"><a style=\"color: #3366ff;\" href=\"https:\/\/cidi.cba.gov.ar\/portal-publico\/\">Ciudadano Digital de la Provincia de C\u00f3rdoba(CIDI)<\/a><\/span><\/strong>\u00a0<\/span>Si ya cont\u00e1s con acceso, omit\u00ed este paso.<\/p>\n<p><strong>Segundo:<\/strong> Ingres\u00e1 a<span style=\"color: #3366ff;\">\u00a0<strong><a style=\"color: #3366ff;\" href=\"https:\/\/www.cba.gov.ar\/gestion-estudiantes\/\">Gesti\u00f3n Estudiantes<\/a><\/strong><\/span>\u00a0y seleccion\u00e1 Pre Matr\u00edcula Nivel Superior. Para ello segu\u00ed este\u00a0<strong><span style=\"color: #3366ff;\"><a style=\"color: #3366ff;\" href=\"https:\/\/esbavillafane-cba.infd.edu.ar\/sitio\/wp-content\/uploads\/2020\/12\/Instructivo-Superior-Prematriculaci\u00f3n-Aspirantes.pdf\">Instructivo Superior-Prematriculaci\u00f3n-Aspirantes<\/a><\/span><\/strong><\/p>\n<p><strong>Tercero:<\/strong> Complet\u00e1 la\u00a0<strong><span style=\"color: #3366ff;\"><a style=\"color: #3366ff;\" href=\"https:\/\/esbavillafane-cba.infd.edu.ar\/sitio\/wp-content\/uploads\/2020\/12\/SOLICITUD-MATR\u00cdCULA-1ER-A\u00d1O-SUPERIOR.docx\">Solicitud Matr\u00edcula-1ER-A\u00d1O-SUPERIOR<\/a>.<\/span><\/strong>\u00a0Enviar en diciembre 2020 o en febrero o marzo 2021.<\/p>\n<p><strong>Cuarto:<\/strong> Complet\u00e1 el\u00a0<strong><span style=\"color: #3366ff;\"><a style=\"color: #3366ff;\" href=\"https:\/\/esbavillafane-cba.infd.edu.ar\/sitio\/wp-content\/uploads\/2020\/12\/Informe-de-salud-Anual-I.S.A..doc\">Informe de salud Anual I.S.A.<\/a><\/span><\/strong>\u00a0Enviar en febrero &#8211; marzo 2021.<\/p>\n<p><strong>Quinto:<\/strong> Complet\u00e1 el\u00a0<strong><span style=\"color: #3366ff;\"><a style=\"color: #3366ff;\" href=\"https:\/\/esbavillafane-cba.infd.edu.ar\/sitio\/wp-content\/uploads\/2020\/12\/Certificado-\u00danico-de-Salud-CUS.docx\">Certificado \u00danico de Salud-CUS<\/a><\/span><\/strong>\u00a0Enviar en febrero &#8211; marzo 2021.<\/p>\n<p><strong>Sexto:<\/strong>\u00a0\u00a0 Foto o scan de DNI, frente y dorso .Enviar en febrero-marzo 2021.<\/p>\n<p><strong>S\u00e9ptimo:<\/strong>\u00a0Foto o scan\u00a0 de Partida de Nacimiento. Enviar en febrero-marzo 2021.<\/p>\n<p><strong>Octavo:<\/strong> Scan\u00a0Certificado Anal\u00edtico de Nivel Medio o Certificado de T\u00edtulo en Tr\u00e1mite. Enviar en febrero-marzo 2021.<\/p>\n<p><strong>Noveno:<\/strong> 1\u00a0foto carnet 4 x 4. Enviar en febrero-marzo 2021.<\/p>\n<p><strong><span style=\"color: #000000;\">D\u00e9cimo:<\/span><\/strong>\u00a0Envi\u00e1 las planillas por\u00a0 correo a\u00a0<strong><span style=\"color: #3366ff;\"><a style=\"color: #3366ff;\" href=\"esbapreceptoria@gmail.com\">esbapreceptoria@gmail.com<\/a><\/span><\/strong><\/p>\n<p>&nbsp;<\/p>\n<p><strong>\u00a0&#8211;<span style=\"color: #3366ff;\"> Ciclo Art\u00edstico Vocacional Infantil (CAVI)<\/span><\/strong><\/p>\n<p>Acceso a Formulario Pre- Inscripciones CAVI<\/p>\n<p><a href=\"https:\/\/docs.google.com\/forms\/d\/e\/1FAIpQLSdUoLYsiZBmVS1ltjhlc7d3g8eqB3SqBSA6bkCawB7ZCCZq7g\/viewform\">https:\/\/docs.google.com\/forms\/d\/e\/1FAIpQLSdUoLYsiZBmVS1ltjhlc7d3g8eqB3SqBSA6bkCawB7ZCCZq7g\/viewform<\/a><\/p>\n<p>Acceso a Formulario para Consultas Pre- inscripciones Carreras Nivel Superior<\/p>\n<p><a href=\"https:\/\/docs.google.com\/forms\/d\/e\/1FAIpQLSdhdf2OFU4jIfIsl1GrIpwkoZu4I6YiLgXwuzCCyoeqmooUVw\/viewform?usp=pp_url\">https:\/\/docs.google.com\/forms\/d\/e\/1FAIpQLSdhdf2OFU4jIfIsl1GrIpwkoZu4I6YiLgXwuzCCyoeqmooUVw\/viewform?usp=pp_url<\/a><\/p>\n<p>Para m\u00e1s informaci\u00f3n\u00a0 v\u00eda email:\u00a0<a href=\"mailto:bellasartessanfco@hotmail.com\">bellasartessanfco@hotmail.com<\/a><\/p>\n<p><img decoding=\"async\" loading=\"lazy\" class=\"wp-image-903 aligncenter\" src=\"https:\/\/esbavillafane-cba.infd.edu.ar\/sitio\/wp-content\/uploads\/2019\/11\/probar-1.jpg\" alt=\"\" width=\"750\" height=\"250\" srcset=\"https:\/\/esbavillafane-cba.infd.edu.ar\/sitio\/wp-content\/uploads\/2019\/11\/probar-1.jpg 900w, https:\/\/esbavillafane-cba.infd.edu.ar\/sitio\/wp-content\/uploads\/2019\/11\/probar-1-768x256.jpg 768w\" sizes=\"(max-width: 750px) 100vw, 750px\" \/><\/p>\n","protected":false},"excerpt":{"rendered":"<p>\u00a1PRE -INSCRIBITE! Actualmente se encuentra abierta la posibilidad de pre-inscribirse, de manera virtual,\u00a0 \u00a0para el per\u00edodo 2021 a: &#8211; Nivel Superior: Profesorado de Artes Visuales &#8211; Nivel Superior: Tecnicatura Superior en Dise\u00f1o de Espacios Primero:\u00a0D\u00e1 de alta un Usuario y Clave en\u00a0Ciudadano Digital de la Provincia de C\u00f3rdoba(CIDI)\u00a0Si ya cont\u00e1s con acceso, omit\u00ed este paso. &#8230; <a title=\"INSCRIPCIONES 2021\" class=\"read-more\" href=\"https:\/\/esbavillafane-cba.infd.edu.ar\/sitio\/inscripciones-2021\/\" aria-label=\"More on INSCRIPCIONES 2021\">[+]<\/a><\/p>\n","protected":false},"author":352,"featured_media":0,"parent":0,"menu_order":0,"comment_status":"closed","ping_status":"closed","template":"","meta":[],"acf":[],"_links":{"self":[{"href":"https:\/\/esbavillafane-cba.infd.edu.ar\/sitio\/wp-json\/wp\/v2\/pages\/1088"}],"collection":[{"href":"https:\/\/esbavillafane-cba.infd.edu.ar\/sitio\/wp-json\/wp\/v2\/pages"}],"about":[{"href":"https:\/\/esbavillafane-cba.infd.edu.ar\/sitio\/wp-json\/wp\/v2\/types\/page"}],"author":[{"embeddable":true,"href":"https:\/\/esbavillafane-cba.infd.edu.ar\/sitio\/wp-json\/wp\/v2\/users\/352"}],"replies":[{"embeddable":true,"href":"https:\/\/esbavillafane-cba.infd.edu.ar\/sitio\/wp-json\/wp\/v2\/comments?post=1088"}],"version-history":[{"count":11,"href":"https:\/\/esbavillafane-cba.infd.edu.ar\/sitio\/wp-json\/wp\/v2\/pages\/1088\/revisions"}],"predecessor-version":[{"id":1546,"href":"https:\/\/esbavillafane-cba.infd.edu.ar\/sitio\/wp-json\/wp\/v2\/pages\/1088\/revisions\/1546"}],"wp:attachment":[{"href":"https:\/\/esbavillafane-cba.infd.edu.ar\/sitio\/wp-json\/wp\/v2\/media?parent=1088"}],"curies":[{"name":"wp","href":"https:\/\/api.w.org\/{rel}","templated":true}]}}