{"id":1303,"date":"2020-06-22T10:56:23","date_gmt":"2020-06-22T13:56:23","guid":{"rendered":"https:\/\/esbavillafane-cba.infd.edu.ar\/sitio\/?page_id=1303"},"modified":"2021-10-22T18:29:51","modified_gmt":"2021-10-22T21:29:51","slug":"cursos-de-capacitacion-laboral-y-formacion-profesional","status":"publish","type":"page","link":"https:\/\/esbavillafane-cba.infd.edu.ar\/sitio\/cursos-de-capacitacion-laboral-y-formacion-profesional\/","title":{"rendered":"Cursos de Capacitaci\u00f3n Laboral y Formaci\u00f3n Profesional 2019"},"content":{"rendered":"\n<p><\/p>\n\n\n<h4>Cursos de Capacitaci\u00f3n Laboral y Formaci\u00f3n Profesional<\/h4>\n<hr>\n<p>Desde la ESBA se dictan los&nbsp; siguientes cursos, los cuales poseen certificaci\u00f3n oficial de la Inspecci\u00f3n T\u00e9cnica.<\/p>\n<ul>\n<li><a href=\"https:\/\/esbavillafane-cba.infd.edu.ar\/sitio\/auxiliar-en-fotografia-digital\/\">Auxiliar en Fotograf\u00eda Digital<\/a>, a cargo de la&nbsp;Capacitadora M\u00f3nica Rodr\u00edguez. Duraci\u00f3n: 10 semanas.<\/li>\n<li><a href=\"https:\/\/esbavillafane-cba.infd.edu.ar\/sitio\/auxiliar-en-dibujo-asistido-por-computadora-2d-autocad\/\">Auxiliar en Dibujo Asistido por computadora 2D (Autocad)<\/a>, a cargo del&nbsp;Capacitador Arq. Mauricio S\u00e1nchez. Duraci\u00f3n: 8 semanas<\/li>\n<li><a href=\"https:\/\/esbavillafane-cba.infd.edu.ar\/sitio\/auxiliar-en-dibujo-asistido-por-computadora-3d-autocad\/\">Auxiliar en Dibujo Asistido por computadora 3D (Autocad)<\/a>, a cargo del&nbsp;Capacitador Arq. Mauricio S\u00e1nchez. Duraci\u00f3n: 8 semanas.<\/li>\n<li><a href=\"https:\/\/esbavillafane-cba.infd.edu.ar\/sitio\/auxiliar-en-modelado-renderizacion-3d-y-post-produccion\/\">Auxiliar en Modelado, Renderizaci\u00f3n 3D y Post Producci\u00f3n<\/a> (3D Studio Max &#8211; V-Ray &#8211; Corel Photopaint), a cargo del&nbsp;Capacitador Arq. Mauricio S\u00e1nchez. Duraci\u00f3n: 8 semanas<\/li>\n<\/ul>\n<p>&nbsp;<\/p>","protected":false},"excerpt":{"rendered":"<p>Cursos de Capacitaci\u00f3n Laboral y Formaci\u00f3n Profesional Desde la ESBA se dictan los&nbsp; siguientes cursos, los cuales poseen certificaci\u00f3n oficial de la Inspecci\u00f3n T\u00e9cnica. Auxiliar en Fotograf\u00eda Digital, a cargo de la&nbsp;Capacitadora M\u00f3nica Rodr\u00edguez. Duraci\u00f3n: 10 semanas. Auxiliar en Dibujo Asistido por computadora 2D (Autocad), a cargo del&nbsp;Capacitador Arq. Mauricio S\u00e1nchez. Duraci\u00f3n: 8 semanas Auxiliar &#8230; <a title=\"Cursos de Capacitaci\u00f3n Laboral y Formaci\u00f3n Profesional 2019\" class=\"read-more\" href=\"https:\/\/esbavillafane-cba.infd.edu.ar\/sitio\/cursos-de-capacitacion-laboral-y-formacion-profesional\/\" aria-label=\"More on Cursos de Capacitaci\u00f3n Laboral y Formaci\u00f3n Profesional 2019\">[+]<\/a><\/p>\n","protected":false},"author":352,"featured_media":0,"parent":0,"menu_order":0,"comment_status":"closed","ping_status":"closed","template":"","meta":[],"acf":[],"_links":{"self":[{"href":"https:\/\/esbavillafane-cba.infd.edu.ar\/sitio\/wp-json\/wp\/v2\/pages\/1303"}],"collection":[{"href":"https:\/\/esbavillafane-cba.infd.edu.ar\/sitio\/wp-json\/wp\/v2\/pages"}],"about":[{"href":"https:\/\/esbavillafane-cba.infd.edu.ar\/sitio\/wp-json\/wp\/v2\/types\/page"}],"author":[{"embeddable":true,"href":"https:\/\/esbavillafane-cba.infd.edu.ar\/sitio\/wp-json\/wp\/v2\/users\/352"}],"replies":[{"embeddable":true,"href":"https:\/\/esbavillafane-cba.infd.edu.ar\/sitio\/wp-json\/wp\/v2\/comments?post=1303"}],"version-history":[{"count":7,"href":"https:\/\/esbavillafane-cba.infd.edu.ar\/sitio\/wp-json\/wp\/v2\/pages\/1303\/revisions"}],"predecessor-version":[{"id":1896,"href":"https:\/\/esbavillafane-cba.infd.edu.ar\/sitio\/wp-json\/wp\/v2\/pages\/1303\/revisions\/1896"}],"wp:attachment":[{"href":"https:\/\/esbavillafane-cba.infd.edu.ar\/sitio\/wp-json\/wp\/v2\/media?parent=1303"}],"curies":[{"name":"wp","href":"https:\/\/api.w.org\/{rel}","templated":true}]}}