{"id":286,"date":"2016-10-31T13:17:59","date_gmt":"2016-10-31T16:17:59","guid":{"rendered":"https:\/\/esbavillafane-cba.infd.edu.ar\/sitio\/?page_id=286"},"modified":"2025-09-30T15:37:45","modified_gmt":"2025-09-30T18:37:45","slug":"inicio","status":"publish","type":"page","link":"https:\/\/esbavillafane-cba.infd.edu.ar\/sitio\/","title":{"rendered":"Escuela Superior de Bellas Artes"},"content":{"rendered":"<h1 style=\"text-align: center;\"><span style=\"color: #ff0000;\"><strong>Proyecto el Arte Sale a la Calle \u00abEl Arte transforma espacios y v\u00ednculos\u00bb Edici\u00f3n 2025-<\/strong><\/span><\/h1>\n<h2 style=\"text-align: center;\"><img decoding=\"async\" loading=\"lazy\" class=\"size-medium wp-image-2659 aligncenter\" src=\"https:\/\/esbavillafane-cba.infd.edu.ar\/sitio\/wp-content\/uploads\/2025\/09\/WhatsApp-Image-2025-09-29-at-15.12.55-1000x1000.jpeg\" alt=\"\" width=\"1000\" height=\"1000\" srcset=\"https:\/\/esbavillafane-cba.infd.edu.ar\/sitio\/wp-content\/uploads\/2025\/09\/WhatsApp-Image-2025-09-29-at-15.12.55-1000x1000.jpeg 1000w, https:\/\/esbavillafane-cba.infd.edu.ar\/sitio\/wp-content\/uploads\/2025\/09\/WhatsApp-Image-2025-09-29-at-15.12.55-500x500.jpeg 500w, https:\/\/esbavillafane-cba.infd.edu.ar\/sitio\/wp-content\/uploads\/2025\/09\/WhatsApp-Image-2025-09-29-at-15.12.55-768x768.jpeg 768w, https:\/\/esbavillafane-cba.infd.edu.ar\/sitio\/wp-content\/uploads\/2025\/09\/WhatsApp-Image-2025-09-29-at-15.12.55-1536x1536.jpeg 1536w, https:\/\/esbavillafane-cba.infd.edu.ar\/sitio\/wp-content\/uploads\/2025\/09\/WhatsApp-Image-2025-09-29-at-15.12.55.jpeg 1600w\" sizes=\"(max-width: 1000px) 100vw, 1000px\" \/><\/h2>\n<p style=\"text-align: left;\">\u00a0Tem\u00e1tica seleccionada (en el marco de la Ruta 1 del TransFORMAR@Cba)* ESBA: Se trabajar\u00e1 sobre el \u00c1rea de Desarrollo Sostenible referido al Ambiente y la tem\u00e1tica se referir\u00e1 al cambio clim\u00e1tico, la deforestaci\u00f3n y a la recuperaci\u00f3n del sentido est\u00e9tico en el medio urbano. El objetivo de desarrollo sostenible es promover una acci\u00f3n por el clima ODS 13 y salud y bienestar ODS 3. Por otro lado el trabajo colectivo y situado, como estrategia para fortalecer el compromiso con el \u201cotro\u201d, como sujeto de derecho y respeto en su aporte a la propuesta.<\/p>\n<p style=\"text-align: left;\">1.\u00a0 Se realizar\u00e1 una intervenci\u00f3n art\u00edstica para transformar un espacio p\u00fablico completamente cubierto de cemento en un espacio verde que ser\u00eda frente a la Escuela 2 de Abril. Se propone realizar en el piso de mosaicos un dise\u00f1o que tenga la estructura de un cuadrado m\u00e1gico de 6 m por 6 m que puede responder a un laberinto con car\u00e1cter l\u00fadico y sobre esa estructura lineal representar distintos elementos vegetales de especies nativas de color verde para completarla, escribir palabras o frases de car\u00e1cter ecol\u00f3gico, o sobre la salud y el bienestar en el medio urbano, etc; pediremos que el d\u00eda del evento se utilicen en lo posible prendas de color verde. La actividad consiste en una modalidad participativa para que intervengan todas las personas que lo deseen. La estructura arm\u00f3nica de la imagen se entiende en el sentido de la b\u00fasqueda de una relaci\u00f3n equilibrada entre la cultura y la naturaleza.<\/p>\n<p>&nbsp;<\/p>\n<p style=\"text-align: center;\">\u00a0<\/p>\n<p>&nbsp;<\/p>\n<h1 style=\"text-align: center;\"><strong><span style=\"color: #3366ff;\">Capacitaci\u00f3n gratuita<\/span><\/strong><\/h1>\n<h1 style=\"text-align: center;\"><strong><span style=\"color: #3366ff;\">Conservaci\u00f3n del Patrimonio Ciudad de San Francisco<\/span><\/strong><\/h1>\n<p>Estimados\/as:<br \/>Informamos que el aula virtual del curso ya est\u00e1 habilitada, deber\u00e1n ingresar al link que les dejamos para facilitar el ingreso <a href=\"https:\/\/acceso.ispc.edu.ar\/login\/index.php\">https:\/\/acceso.ispc.edu.ar\/login\/index.php<\/a><img decoding=\"async\" loading=\"lazy\" class=\"alignnone size-full wp-image-2627 aligncenter\" src=\"https:\/\/esbavillafane-cba.infd.edu.ar\/sitio\/wp-content\/uploads\/2025\/08\/WhatsApp-Image-2025-08-13-at-3.10.47-PM.jpeg\" alt=\"\" width=\"720\" height=\"849\" \/><\/p>\n<div>Este ciclo se propone como una instancia formativa accesible, intensiva y territorialmente situada.\u00a0<\/div>\n<div>Modalidad Mixta intensiva: (Virtual y presencial)<\/div>\n<div>Cronograma:\u00a0<\/div>\n<div>-Encuentro presencial inicial: 10 de septiembre &#8211; Duraci\u00f3n 4 horas. Horario: 10 a 14 hs.\u00a0<\/div>\n<div>-Primera Jornada Virtual: Mi\u00e9rcoles 24 de septiembre &#8211; Duraci\u00f3n 4 horas. Horario: 9 a 13 hs.\u00a0<\/div>\n<div>-Segunda Jornada Virtual: Mi\u00e9rcoles 8 de Octubre &#8211; Duraci\u00f3n 4 horas.\u00a0Horario: 9 a 13 hs.\u00a0<\/div>\n<div>&#8211; Tercera Jornada Virtual: Mi\u00e9rcoles 22 de Octubre &#8211;\u00a0Duraci\u00f3n 4 horas.\u00a0Horario: 9 a 13 hs.\u00a0<\/div>\n<div>-Encuentro presencial final: Mi\u00e9rcoles 5 y jueves 6 de noviembre &#8211; Duraci\u00f3n 12 hs. (6 horas cada d\u00eda) Horario a confirmar.<\/div>\n<div>Para consultar el enlace para cada jornada virtual deber\u00e1n ingresar al sitio web :\u00a0<a href=\"https:\/\/esbavillafane-cba.infd.edu.ar\/\">https:\/\/esbavillafane-cba.infd.edu.ar\/<\/a>\u00a0<\/div>\n<h3 style=\"text-align: center;\"><span style=\"color: #ff0000;\"><strong>CARRERAS DE NIVEL SUPERIOR- INSCRIPCIONES ABIERTAS<\/strong><\/span><\/h3>\n<h2 style=\"text-align: center;\">A partir del 15 de noviembre de 2024<\/h2>\n<h4 style=\"text-align: left;\">( para descargar formularios de inscripci\u00f3n ir a la pesta\u00f1a de la Carrera correspondiente)<em style=\"color: #ff0000; font-size: 16px;\"><strong><img decoding=\"async\" loading=\"lazy\" class=\"wp-image-2570 alignright\" src=\"https:\/\/esbavillafane-cba.infd.edu.ar\/sitio\/wp-content\/uploads\/2024\/11\/WhatsApp-Image-2024-11-11-at-5.16.39-PM-563x1000.jpeg\" alt=\"\" width=\"214\" height=\"380\" srcset=\"https:\/\/esbavillafane-cba.infd.edu.ar\/sitio\/wp-content\/uploads\/2024\/11\/WhatsApp-Image-2024-11-11-at-5.16.39-PM-563x1000.jpeg 563w, https:\/\/esbavillafane-cba.infd.edu.ar\/sitio\/wp-content\/uploads\/2024\/11\/WhatsApp-Image-2024-11-11-at-5.16.39-PM-768x1365.jpeg 768w, https:\/\/esbavillafane-cba.infd.edu.ar\/sitio\/wp-content\/uploads\/2024\/11\/WhatsApp-Image-2024-11-11-at-5.16.39-PM-864x1536.jpeg 864w, https:\/\/esbavillafane-cba.infd.edu.ar\/sitio\/wp-content\/uploads\/2024\/11\/WhatsApp-Image-2024-11-11-at-5.16.39-PM.jpeg 900w\" sizes=\"(max-width: 214px) 100vw, 214px\" \/><\/strong><\/em><\/h4>\n<p>La Direcci\u00f3n General de Educaci\u00f3n Superior informa que est\u00e1n abiertas las pre inscripciones &#8211; por CIDI &#8211;<\/p>\n<p>para las carreras de Formaci\u00f3n Docente y de Formaci\u00f3n T\u00e9cnica (Art\u00edstica) dependientes de esta Direcci\u00f3n General.<\/p>\n<p>Deber\u00e1n entrar en la p\u00e1gina \u00a0\u00a0<a href=\"https:\/\/www.cba.gov.ar\/gestion-estudiantes\">https:\/\/www.cba.gov.ar\/gestion-estudiantes<\/a><\/p>\n<p>Para ello, deber\u00e1n seguir el siguiente <a href=\"https:\/\/esbavillafane-cba.infd.edu.ar\/sitio\/wp-content\/uploads\/2024\/11\/Instructivo-prematriculacion.pdf\">Instructivo prematriculacion<\/a><\/p>\n<p>\u00a0<a href=\"https:\/\/esbavillafane-cba.infd.edu.ar\/sitio\/wp-content\/uploads\/2024\/11\/Informacion-Especifica-de-Inscripcion.pdf\">Informaci\u00f3n Especifica de Inscripci\u00f3n<\/a><\/p>\n<p><strong>AVISO IMPORTANTE<\/strong><\/p>\n<p>Para confirmar tu inscripci\u00f3n deber\u00e1s presentar toda la documentaci\u00f3n solicitada, a partir del 15 de noviembre 2024, de lunes a viernes de 14 a 20 hs. o por la ma\u00f1ana martes y jueves de 8 a 12 hs. Te esperamos!!!<\/p>\n<p><img decoding=\"async\" loading=\"lazy\" class=\"alignnone  wp-image-2362 alignleft\" src=\"https:\/\/esbavillafane-cba.infd.edu.ar\/sitio\/wp-content\/uploads\/2023\/10\/WhatsApp-Image-2023-03-21-at-17.29.24-1-750x1000.jpeg\" alt=\"\" width=\"272\" height=\"363\" srcset=\"https:\/\/esbavillafane-cba.infd.edu.ar\/sitio\/wp-content\/uploads\/2023\/10\/WhatsApp-Image-2023-03-21-at-17.29.24-1-750x1000.jpeg 750w, https:\/\/esbavillafane-cba.infd.edu.ar\/sitio\/wp-content\/uploads\/2023\/10\/WhatsApp-Image-2023-03-21-at-17.29.24-1-768x1024.jpeg 768w, https:\/\/esbavillafane-cba.infd.edu.ar\/sitio\/wp-content\/uploads\/2023\/10\/WhatsApp-Image-2023-03-21-at-17.29.24-1-1152x1536.jpeg 1152w, https:\/\/esbavillafane-cba.infd.edu.ar\/sitio\/wp-content\/uploads\/2023\/10\/WhatsApp-Image-2023-03-21-at-17.29.24-1.jpeg 1200w\" sizes=\"(max-width: 272px) 100vw, 272px\" \/> <img decoding=\"async\" loading=\"lazy\" class=\"wp-image-2363 alignleft\" src=\"https:\/\/esbavillafane-cba.infd.edu.ar\/sitio\/wp-content\/uploads\/2023\/10\/20221003_175227-750x1000.jpg\" alt=\"\" width=\"275\" height=\"366\" srcset=\"https:\/\/esbavillafane-cba.infd.edu.ar\/sitio\/wp-content\/uploads\/2023\/10\/20221003_175227-750x1000.jpg 750w, https:\/\/esbavillafane-cba.infd.edu.ar\/sitio\/wp-content\/uploads\/2023\/10\/20221003_175227-1425x1900.jpg 1425w, https:\/\/esbavillafane-cba.infd.edu.ar\/sitio\/wp-content\/uploads\/2023\/10\/20221003_175227-768x1024.jpg 768w, https:\/\/esbavillafane-cba.infd.edu.ar\/sitio\/wp-content\/uploads\/2023\/10\/20221003_175227-1152x1536.jpg 1152w, https:\/\/esbavillafane-cba.infd.edu.ar\/sitio\/wp-content\/uploads\/2023\/10\/20221003_175227-1536x2048.jpg 1536w, https:\/\/esbavillafane-cba.infd.edu.ar\/sitio\/wp-content\/uploads\/2023\/10\/20221003_175227-scaled.jpg 1920w\" sizes=\"(max-width: 275px) 100vw, 275px\" \/><\/p>\n<h1 style=\"text-align: center;\"><strong><span style=\"color: #3366ff;\">ARTE Y DISE\u00d1O AL PASO<\/span><\/strong><\/h1>\n<h1 style=\"text-align: center;\"><strong><span style=\"color: #3366ff;\">MUESTRA DE Mosaiquismo y Vitrofusi\u00f3n<\/span><\/strong><\/h1>\n<h2 style=\"text-align: center;\"><span style=\"color: #000000;\"><strong>Pueden visitarla por la ma\u00f1ana los d\u00edas martes y jueves de 8 a 12 hs. y por la tarde de lunes a viernes de 14 a 19.30 hs. los esperamos!<\/strong><\/span><\/h2>\n<p><img decoding=\"async\" loading=\"lazy\" class=\" wp-image-2533 aligncenter\" src=\"https:\/\/esbavillafane-cba.infd.edu.ar\/sitio\/wp-content\/uploads\/2024\/08\/WhatsApp-Image-2024-08-06-at-16.39.12-1000x1000.jpeg\" alt=\"\" width=\"622\" height=\"622\" srcset=\"https:\/\/esbavillafane-cba.infd.edu.ar\/sitio\/wp-content\/uploads\/2024\/08\/WhatsApp-Image-2024-08-06-at-16.39.12-1000x1000.jpeg 1000w, https:\/\/esbavillafane-cba.infd.edu.ar\/sitio\/wp-content\/uploads\/2024\/08\/WhatsApp-Image-2024-08-06-at-16.39.12-500x500.jpeg 500w, https:\/\/esbavillafane-cba.infd.edu.ar\/sitio\/wp-content\/uploads\/2024\/08\/WhatsApp-Image-2024-08-06-at-16.39.12-768x768.jpeg 768w, https:\/\/esbavillafane-cba.infd.edu.ar\/sitio\/wp-content\/uploads\/2024\/08\/WhatsApp-Image-2024-08-06-at-16.39.12.jpeg 1080w\" sizes=\"(max-width: 622px) 100vw, 622px\" \/><\/p>\n<p><img decoding=\"async\" loading=\"lazy\" class=\"wp-image-2500 alignleft\" src=\"https:\/\/esbavillafane-cba.infd.edu.ar\/sitio\/wp-content\/uploads\/2024\/05\/WhatsApp-Image-2024-05-02-at-17.24.22-563x1000.jpeg\" alt=\"\" width=\"352\" height=\"625\" srcset=\"https:\/\/esbavillafane-cba.infd.edu.ar\/sitio\/wp-content\/uploads\/2024\/05\/WhatsApp-Image-2024-05-02-at-17.24.22-563x1000.jpeg 563w, https:\/\/esbavillafane-cba.infd.edu.ar\/sitio\/wp-content\/uploads\/2024\/05\/WhatsApp-Image-2024-05-02-at-17.24.22-768x1365.jpeg 768w, https:\/\/esbavillafane-cba.infd.edu.ar\/sitio\/wp-content\/uploads\/2024\/05\/WhatsApp-Image-2024-05-02-at-17.24.22-864x1536.jpeg 864w, https:\/\/esbavillafane-cba.infd.edu.ar\/sitio\/wp-content\/uploads\/2024\/05\/WhatsApp-Image-2024-05-02-at-17.24.22.jpeg 900w\" sizes=\"(max-width: 352px) 100vw, 352px\" \/><\/p>\n<p>&nbsp;<\/p>\n<p>&nbsp;<\/p>\n<p><img decoding=\"async\" loading=\"lazy\" class=\"wp-image-2497 alignnone\" src=\"https:\/\/esbavillafane-cba.infd.edu.ar\/sitio\/wp-content\/uploads\/2024\/05\/WhatsApp-Image-2024-05-03-at-17.54.02-1000x1000.jpeg\" alt=\"\" width=\"413\" height=\"413\" srcset=\"https:\/\/esbavillafane-cba.infd.edu.ar\/sitio\/wp-content\/uploads\/2024\/05\/WhatsApp-Image-2024-05-03-at-17.54.02-1000x1000.jpeg 1000w, https:\/\/esbavillafane-cba.infd.edu.ar\/sitio\/wp-content\/uploads\/2024\/05\/WhatsApp-Image-2024-05-03-at-17.54.02-500x500.jpeg 500w, https:\/\/esbavillafane-cba.infd.edu.ar\/sitio\/wp-content\/uploads\/2024\/05\/WhatsApp-Image-2024-05-03-at-17.54.02-768x768.jpeg 768w, https:\/\/esbavillafane-cba.infd.edu.ar\/sitio\/wp-content\/uploads\/2024\/05\/WhatsApp-Image-2024-05-03-at-17.54.02.jpeg 1080w\" sizes=\"(max-width: 413px) 100vw, 413px\" \/><\/p>\n<p><img decoding=\"async\" loading=\"lazy\" class=\"wp-image-2206 aligncenter\" src=\"https:\/\/esbavillafane-cba.infd.edu.ar\/sitio\/wp-content\/uploads\/2022\/11\/WhatsApp-Image-2022-11-03-at-08.45.34-1000x647.jpeg\" alt=\"\" width=\"762\" height=\"493\" srcset=\"https:\/\/esbavillafane-cba.infd.edu.ar\/sitio\/wp-content\/uploads\/2022\/11\/WhatsApp-Image-2022-11-03-at-08.45.34-1000x647.jpeg 1000w, https:\/\/esbavillafane-cba.infd.edu.ar\/sitio\/wp-content\/uploads\/2022\/11\/WhatsApp-Image-2022-11-03-at-08.45.34-768x497.jpeg 768w, https:\/\/esbavillafane-cba.infd.edu.ar\/sitio\/wp-content\/uploads\/2022\/11\/WhatsApp-Image-2022-11-03-at-08.45.34.jpeg 1280w\" sizes=\"(max-width: 762px) 100vw, 762px\" \/><\/p>\n<h1>\u00a0<\/h1>\n<p><img decoding=\"async\" loading=\"lazy\" class=\"wp-image-1519 aligncenter\" src=\"https:\/\/esbavillafane-cba.infd.edu.ar\/sitio\/wp-content\/uploads\/2020\/12\/15x10-2020_page-0001.jpg\" alt=\"\" width=\"858\" height=\"572\" srcset=\"https:\/\/esbavillafane-cba.infd.edu.ar\/sitio\/wp-content\/uploads\/2020\/12\/15x10-2020_page-0001.jpg 887w, https:\/\/esbavillafane-cba.infd.edu.ar\/sitio\/wp-content\/uploads\/2020\/12\/15x10-2020_page-0001-768x512.jpg 768w\" sizes=\"(max-width: 858px) 100vw, 858px\" \/><\/p>\n<p>&nbsp;<\/p>\n<p>&nbsp;<\/p>\n<p>&nbsp;<\/p>\n<p>&nbsp;<\/p>\n<p><!--more--><\/p>\n<h3>Actividades 2021. Videos Institucionales<\/h3>\n<div style=\"width: 640px;\" class=\"wp-video\"><!--[if lt IE 9]><script>document.createElement('video');<\/script><![endif]-->\n<video class=\"wp-video-shortcode\" id=\"video-286-1\" width=\"640\" height=\"480\" preload=\"metadata\" controls=\"controls\"><source type=\"video\/mp4\" src=\"https:\/\/esbavillafane-cba.infd.edu.ar\/sitio\/wp-content\/uploads\/2021\/10\/video-comprimido-cavi-proyecto-2021.mp4?_=1\" \/><a href=\"https:\/\/esbavillafane-cba.infd.edu.ar\/sitio\/wp-content\/uploads\/2021\/10\/video-comprimido-cavi-proyecto-2021.mp4\">https:\/\/esbavillafane-cba.infd.edu.ar\/sitio\/wp-content\/uploads\/2021\/10\/video-comprimido-cavi-proyecto-2021.mp4<\/a><\/video><\/div>\n<div style=\"width: 640px;\" class=\"wp-video\"><video class=\"wp-video-shortcode\" id=\"video-286-2\" width=\"640\" height=\"352\" preload=\"metadata\" controls=\"controls\"><source type=\"video\/mp4\" src=\"https:\/\/esbavillafane-cba.infd.edu.ar\/sitio\/wp-content\/uploads\/2021\/10\/video-comprimido-paola.mp4?_=2\" \/><a href=\"https:\/\/esbavillafane-cba.infd.edu.ar\/sitio\/wp-content\/uploads\/2021\/10\/video-comprimido-paola.mp4\">https:\/\/esbavillafane-cba.infd.edu.ar\/sitio\/wp-content\/uploads\/2021\/10\/video-comprimido-paola.mp4<\/a><\/video><\/div>\n<p>&nbsp;<\/p>\n<div style=\"width: 640px;\" class=\"wp-video\"><video class=\"wp-video-shortcode\" id=\"video-286-3\" width=\"640\" height=\"480\" preload=\"metadata\" controls=\"controls\"><source type=\"video\/mp4\" src=\"https:\/\/esbavillafane-cba.infd.edu.ar\/sitio\/wp-content\/uploads\/2021\/10\/video-comprimido.mp4?_=3\" \/><a href=\"https:\/\/esbavillafane-cba.infd.edu.ar\/sitio\/wp-content\/uploads\/2021\/10\/video-comprimido.mp4\">https:\/\/esbavillafane-cba.infd.edu.ar\/sitio\/wp-content\/uploads\/2021\/10\/video-comprimido.mp4<\/a><\/video><\/div>\n<hr \/>\n<pre>\u00a0<\/pre>\n<pre><b>Presentaci\u00f3n<\/b><strong> de Carreras que ofrece la <\/strong><b>Instituci\u00f3n.<\/b><\/pre>\n<div class=\"contenedor-video\">\n<p><iframe loading=\"lazy\" title=\"Polo Ed 2020 x264\" width=\"1200\" height=\"675\" src=\"https:\/\/www.youtube.com\/embed\/jgWcpHr4P98?feature=oembed\" frameborder=\"0\" allow=\"accelerometer; autoplay; clipboard-write; encrypted-media; gyroscope; picture-in-picture\" allowfullscreen><\/iframe><\/p>\n<\/div>\n<hr \/>\n<pre class=\"widget-title\">\u00a0<\/pre>\n<div class=\"contenedor-video\">\u00a0<\/div>\n<p>&nbsp;<\/p>\n<h4><span style=\"color: #808080;\">NUESTRO CONTACTO<\/span><\/h4>\n<ul>\n<li><strong>Horarios de atenci\u00f3n<\/strong> en la Escuela: lunes a viernes de 15:00 a 19:30; y martes y jueves de 8:oo a 12:oo.<\/li>\n<li>Direcci\u00f3n: Avenida de la Universidad 159, San Francisco, C\u00f3rdoba.<\/li>\n<li><strong><em>E-mail<\/em><\/strong>:\u00a0<\/li>\n<li>Secretaria: esbavillafane@gmail.com<\/li>\n<li>Superior: esbapreceptoria@gmail.com<\/li>\n<li>Coordinaci\u00f3n: coordinadoraesba@gmail.com<\/li>\n<li>CAVI: preceptoriaesba@hotmail.com<\/li>\n<li><strong>Instagram<\/strong>: esba_sanfrancisco<\/li>\n<li><strong>Facebook<\/strong>: Esba Ra\u00fal G. Villafa\u00f1e<\/li>\n<li><strong><em>Tel\u00e9fonos:<\/em><\/strong><\/li>\n<li>Fijo: 3564 443782\u00a0<\/li>\n<li>Celular: 3564 375142<\/li>\n<\/ul>\n<p>&nbsp;<\/p>\n<h4><span style=\"color: #808080;\">NUESTRA UBICACI\u00d3N<\/span><\/h4>\n<p><iframe loading=\"lazy\" style=\"border: 0;\" tabindex=\"0\" src=\"https:\/\/www.google.com\/maps\/embed?pb=!1m18!1m12!1m3!1d1915.1034055760858!2d-62.11120332403011!3d-31.424366195327575!2m3!1f0!2f0!3f0!3m2!1i1024!2i768!4f13.1!3m3!1m2!1s0x95cb28452a80d44b%3A0x2e490e6aa3ac392e!2sAv.%20de%20la%20Universidad%20159%2C%20San%20Francisco%2C%20C%C3%B3rdoba!5e1!3m2!1ses!2sar!4v1592772761626!5m2!1ses!2sar\" width=\"600\" height=\"450\" frameborder=\"0\" allowfullscreen=\"allowfullscreen\" aria-hidden=\"false\"><\/iframe> <img decoding=\"async\" loading=\"lazy\" class=\"wp-image-865 alignright\" src=\"https:\/\/esbavillafane-cba.infd.edu.ar\/sitio\/wp-content\/uploads\/2019\/11\/61647973_2483968441633593_7857984517363990528_o.jpg\" alt=\"\" width=\"233\" height=\"166\" srcset=\"https:\/\/esbavillafane-cba.infd.edu.ar\/sitio\/wp-content\/uploads\/2019\/11\/61647973_2483968441633593_7857984517363990528_o.jpg 960w, https:\/\/esbavillafane-cba.infd.edu.ar\/sitio\/wp-content\/uploads\/2019\/11\/61647973_2483968441633593_7857984517363990528_o-768x548.jpg 768w\" sizes=\"(max-width: 233px) 100vw, 233px\" \/><\/p>\n","protected":false},"excerpt":{"rendered":"<p>Proyecto el Arte Sale a la Calle \u00abEl Arte transforma espacios y v\u00ednculos\u00bb Edici\u00f3n 2025- \u00a0Tem\u00e1tica seleccionada (en el marco de la Ruta 1 del TransFORMAR@Cba)* ESBA: Se trabajar\u00e1 sobre el \u00c1rea de Desarrollo Sostenible referido al Ambiente y la tem\u00e1tica se referir\u00e1 al cambio clim\u00e1tico, la deforestaci\u00f3n y a la recuperaci\u00f3n del sentido est\u00e9tico &#8230; <a title=\"Escuela Superior de Bellas Artes\" class=\"read-more\" href=\"https:\/\/esbavillafane-cba.infd.edu.ar\/sitio\/\" aria-label=\"More on Escuela Superior de Bellas Artes\">[+]<\/a><\/p>\n","protected":false},"author":1,"featured_media":0,"parent":0,"menu_order":0,"comment_status":"closed","ping_status":"closed","template":"","meta":[],"acf":[],"_links":{"self":[{"href":"https:\/\/esbavillafane-cba.infd.edu.ar\/sitio\/wp-json\/wp\/v2\/pages\/286"}],"collection":[{"href":"https:\/\/esbavillafane-cba.infd.edu.ar\/sitio\/wp-json\/wp\/v2\/pages"}],"about":[{"href":"https:\/\/esbavillafane-cba.infd.edu.ar\/sitio\/wp-json\/wp\/v2\/types\/page"}],"author":[{"embeddable":true,"href":"https:\/\/esbavillafane-cba.infd.edu.ar\/sitio\/wp-json\/wp\/v2\/users\/1"}],"replies":[{"embeddable":true,"href":"https:\/\/esbavillafane-cba.infd.edu.ar\/sitio\/wp-json\/wp\/v2\/comments?post=286"}],"version-history":[{"count":658,"href":"https:\/\/esbavillafane-cba.infd.edu.ar\/sitio\/wp-json\/wp\/v2\/pages\/286\/revisions"}],"predecessor-version":[{"id":2685,"href":"https:\/\/esbavillafane-cba.infd.edu.ar\/sitio\/wp-json\/wp\/v2\/pages\/286\/revisions\/2685"}],"wp:attachment":[{"href":"https:\/\/esbavillafane-cba.infd.edu.ar\/sitio\/wp-json\/wp\/v2\/media?parent=286"}],"curies":[{"name":"wp","href":"https:\/\/api.w.org\/{rel}","templated":true}]}}