{"id":793,"date":"2018-08-30T11:28:11","date_gmt":"2018-08-30T14:28:11","guid":{"rendered":"https:\/\/esbavillafane-cba.infd.edu.ar\/sitio\/tecnicatura-superior-en-diseno-de-espacios\/"},"modified":"2025-09-24T18:44:37","modified_gmt":"2025-09-24T21:44:37","slug":"tecnicatura-superior-en-diseno-de-espacios","status":"publish","type":"page","link":"https:\/\/esbavillafane-cba.infd.edu.ar\/sitio\/tecnicatura-superior-en-diseno-de-espacios\/","title":{"rendered":"Tecnicatura Superior en Dise\u00f1o de Espacios"},"content":{"rendered":"<p>El t\u00edtulo ofiicial habilita al egresado a desempe\u00f1arse en forma independiente, como auxiliar en un estudio de arquitectura y en tareas de asesoramiento y armado de stands, vidrieras, decoraci\u00f3n, dise\u00f1o de equipamiento, etc.<\/p>\n<p>El T\u00e9cnico Superior en Dise\u00f1o de Espacios es un profesional preparado para poseer conocimientos, destrezas y habilidades; desarrollando su labor con creatividad, actitud art\u00edstica, innovaci\u00f3n y evaluaci\u00f3n estrat\u00e9gica.<\/p>\n<p>En nuestra instituci\u00f3n, capacitamos al egresado para que pueda cumplir las siguientes actividades:<\/p>\n<p>-Proyectar espacios de variada complejidad: funcional, tecnol\u00f3gica y econ\u00f3micos, aplicado a residencias, \u00e1mbitos comerciales y de servicios.<br \/>\n-Realizar dise\u00f1os de promoci\u00f3n visual: vidrieras, stands, exposiciones, presentaciones de productos, exhibiciones.<br \/>\n-Dise\u00f1ar escenarios para eventos y espect\u00e1culos.<br \/>\n-Adecuar espacios,<br \/>\n-Interpretar y confeccionar la documentaci\u00f3n, planos, planillas t\u00e9cnicas y procedimientos de dise\u00f1os en la construcci\u00f3n de los proyectos de espacios.<br \/>\n-Dirigir y ejecutar obras de dise\u00f1os de espacios superiores<\/p>\n<ul>\n<li>Duraci\u00f3n: 3 (tres) a\u00f1os.<\/li>\n<li>Resoluci\u00f3n 1501.<\/li>\n<\/ul>\n<h2><span style=\"color: #333399;\">Estructura Curricular\u00a0<\/span><\/h2>\n<p><strong>PRIMER A\u00d1O\u00a0<\/strong><\/p>\n<ul>\n<li>Dise\u00f1o I<\/li>\n<li>Comunicaci\u00f3n del Dise\u00f1o<\/li>\n<li>Sistema de Representaci\u00f3n I<\/li>\n<li>Morfolog\u00eda I<\/li>\n<li>Historia del Dise\u00f1o<\/li>\n<li>Tecnolog\u00eda Constructiva I<\/li>\n<li>Pr\u00e1cticas Profesionales I<\/li>\n<\/ul>\n<p><strong>SEGUNDO A\u00d1O<\/strong><\/p>\n<ul>\n<li>Dise\u00f1o II<\/li>\n<li>Espacios Exteriores<\/li>\n<li>Tecnolog\u00edas Constructivas II<\/li>\n<li>Sistema de Representaci\u00f3n II<\/li>\n<li>Morfolog\u00eda II<\/li>\n<li>El Dise\u00f1o en el mundo contempor\u00e1neo<\/li>\n<li>Pr\u00e1cticas Profesionales II<\/li>\n<\/ul>\n<p><strong>TERCER A\u00d1O<\/strong><\/p>\n<ul>\n<li>Equipamiento<\/li>\n<li>Dise\u00f1o III<\/li>\n<li>Introducci\u00f3n al mundo del trabajo<\/li>\n<li>Direcci\u00f3n y administraci\u00f3n de obras<\/li>\n<li>Pr\u00e1cticas Profesionales III<\/li>\n<\/ul>\n<h2><span style=\"color: #333399;\">Requisitos para pre matriculaci\u00f3n\u00a0<\/span><\/h2>\n<h2><span style=\"color: #333399;\">Inscripci\u00f3n 2026\u00a0<\/span><\/h2>\n<p>La\u00a0<strong>pre<\/strong> matriculaci\u00f3n 2026 se encontrara habilitada a partir del mes de noviembre de 2025 y se realiza en <a href=\"https:\/\/www.cba.gov.ar\/gestion-estudiantes\/\">https:\/\/www.cba.gov.ar\/gestion-estudiantes\/<\/a><\/p>\n<p>Sigue estas instrucciones para facilitar tu tarea:<\/p>\n<p><a href=\"https:\/\/esbavillafane-cba.infd.edu.ar\/sitio\/wp-content\/uploads\/2024\/11\/Instructivo-prematriculacion.pdf\">Instructivo prematriculacion<\/a><\/p>\n<p>Adem\u00e1s, para completar tu inscripci\u00f3n deber\u00e1s presentar <span style=\"font-size: inherit;\">completa la siguiente autorizaci\u00f3n (con los requisitos en ellas descriptos) y presentarla en tiempo y forma en nuestra instituci\u00f3n en las fechas habilitadas.\u00a0<\/span><\/p>\n<p><a href=\"https:\/\/esbavillafane-cba.infd.edu.ar\/sitio\/wp-content\/uploads\/2024\/12\/SOLICITUD-Primer-ano-MATRICULA-NIVEL-SUPERIOR.pdf\">\u00a0<\/a><a href=\"https:\/\/esbavillafane-cba.infd.edu.ar\/sitio\/wp-content\/uploads\/2025\/09\/SOLICITUD-1er-ano-MATRICULA-NIVEL-SUPERIOR.doc\">SOLICITUD 1er a\u00f1o MATRICULA NIVEL SUPERIOR<\/a><\/p>\n<p class=\"x_MsoNormal\"><a href=\"https:\/\/esbavillafane-cba.infd.edu.ar\/sitio\/wp-content\/uploads\/2019\/11\/ISA-Tecnicatura.doc\">ISA Tecnicatura<\/a><\/p>\n<p><a href=\"https:\/\/esbavillafane-cba.infd.edu.ar\/sitio\/wp-content\/uploads\/2019\/11\/C.U.S-tecnicatura.docx\">C.U.S tecnicatura<\/a><\/p>\n<p>Para m\u00e1s informaci\u00f3n, llamar\u00a0 o escribir\u00a0 al 3564 -375142 (WhatsApp) los martes y jueves por la ma\u00f1ana a partir de las 8;00 a 12.00 hs. y por la tarde de lunes a viernes de 15:00 a 19:00hs.<\/p>\n<p>I<img decoding=\"async\" loading=\"lazy\" class=\"alignnone size-medium wp-image-875\" src=\"https:\/\/esbavillafane-cba.infd.edu.ar\/sitio\/wp-content\/uploads\/2019\/11\/verr-1000x667.jpg\" alt=\"\" width=\"1000\" height=\"667\" srcset=\"https:\/\/esbavillafane-cba.infd.edu.ar\/sitio\/wp-content\/uploads\/2019\/11\/verr-1000x667.jpg 1000w, https:\/\/esbavillafane-cba.infd.edu.ar\/sitio\/wp-content\/uploads\/2019\/11\/verr-768x512.jpg 768w, https:\/\/esbavillafane-cba.infd.edu.ar\/sitio\/wp-content\/uploads\/2019\/11\/verr.jpg 1500w\" sizes=\"(max-width: 1000px) 100vw, 1000px\" \/><\/p>\n","protected":false},"excerpt":{"rendered":"<p>El t\u00edtulo ofiicial habilita al egresado a desempe\u00f1arse en forma independiente, como auxiliar en un estudio de arquitectura y en tareas de asesoramiento y armado de stands, vidrieras, decoraci\u00f3n, dise\u00f1o de equipamiento, etc. El T\u00e9cnico Superior en Dise\u00f1o de Espacios es un profesional preparado para poseer conocimientos, destrezas y habilidades; desarrollando su labor con creatividad, &#8230; <a title=\"Tecnicatura Superior en Dise\u00f1o de Espacios\" class=\"read-more\" href=\"https:\/\/esbavillafane-cba.infd.edu.ar\/sitio\/tecnicatura-superior-en-diseno-de-espacios\/\" aria-label=\"More on Tecnicatura Superior en Dise\u00f1o de Espacios\">[+]<\/a><\/p>\n","protected":false},"author":13,"featured_media":1187,"parent":0,"menu_order":0,"comment_status":"closed","ping_status":"closed","template":"","meta":[],"acf":[],"_links":{"self":[{"href":"https:\/\/esbavillafane-cba.infd.edu.ar\/sitio\/wp-json\/wp\/v2\/pages\/793"}],"collection":[{"href":"https:\/\/esbavillafane-cba.infd.edu.ar\/sitio\/wp-json\/wp\/v2\/pages"}],"about":[{"href":"https:\/\/esbavillafane-cba.infd.edu.ar\/sitio\/wp-json\/wp\/v2\/types\/page"}],"author":[{"embeddable":true,"href":"https:\/\/esbavillafane-cba.infd.edu.ar\/sitio\/wp-json\/wp\/v2\/users\/13"}],"replies":[{"embeddable":true,"href":"https:\/\/esbavillafane-cba.infd.edu.ar\/sitio\/wp-json\/wp\/v2\/comments?post=793"}],"version-history":[{"count":24,"href":"https:\/\/esbavillafane-cba.infd.edu.ar\/sitio\/wp-json\/wp\/v2\/pages\/793\/revisions"}],"predecessor-version":[{"id":2644,"href":"https:\/\/esbavillafane-cba.infd.edu.ar\/sitio\/wp-json\/wp\/v2\/pages\/793\/revisions\/2644"}],"wp:featuredmedia":[{"embeddable":true,"href":"https:\/\/esbavillafane-cba.infd.edu.ar\/sitio\/wp-json\/wp\/v2\/media\/1187"}],"wp:attachment":[{"href":"https:\/\/esbavillafane-cba.infd.edu.ar\/sitio\/wp-json\/wp\/v2\/media?parent=793"}],"curies":[{"name":"wp","href":"https:\/\/api.w.org\/{rel}","templated":true}]}}